5). Let w be (-4)/2 + 35 + q + 2. Calculate the highest common divisor of 224 and w.
32
Suppose -3*l + 4*x = -500, -330 = -2*l + x + x. Calculate the greatest common factor of l and 48.
16
Let f(h) = 2*h**2 - h - 7. Let s be f(8). Let r = s + -62. Let o = 106 + -72. What is the highest common factor of o and r?
17
Suppose -a = -5*s + 2*s - 29, -5*s - 2*a - 52 = 0. Let j be (-13 + 18)*(-48)/s. What is the highest common divisor of 36 and j?
12
Let p = 1600 - 1560. Calculate the highest common divisor of p and 160.
40
Suppose -3*y + t + 29 = 0, -2*t = -4*y + t + 37. Suppose 0 = -4*n + 5*b + 29, -2*b + 7 - 1 = 0. Let a = 41 - n. What is the highest common divisor of a and y?
10
Let r(y) = y. Let f be r(5). Let t = -36 + 21. Let b be (t/(-6))/((-1)/(-10)). What is the highest common factor of b and f?
5
Let c = -41 + 63. Let l(u) = -2*u**2 + 48*u + 11. Let w be l(c). Calculate the highest common factor of w and 11.
11
Let p(y) = y**2 + 3*y - 6. Let d be p(-6). Calculate the greatest common divisor of d and 12.
12
Let t = 40 + -13. Let y = 0 - -3. Let z = y + 0. Calculate the greatest common factor of z and t.
3
Suppose -2*d + 47 = -29. Suppose -6538 - 50728 = -137*y. What is the greatest common divisor of y and d?
38
Let f = -6 + 6. Suppose v - 52 = -0*v - 3*b, f = -4*v - b + 197. Let x be (0 - (3 - 2)) + 8. What is the highest common factor of x and v?
7
Let d = -25 + 29. Let a(r) be the second derivative of r**4/12 - 2*r**3/3 + 5*r**2/2 - r. Let l be a(d). What is the greatest common factor of l and 10?
5
Let f = 15 + 85. What is the greatest common factor of 4 and f?
4
Let s(n) = 3*n**2 - 1. Let y be s(-1). Let u(h) = -h**2 + 0*h**y + 2*h**2 - 5 + 1. Let d be u(-3). Calculate the highest common factor of d and 55.
5
Let y be (-2)/(-1*(-2)/61). Let b = -4 - y. Calculate the highest common divisor of b and 19.
19
Let y = -119 + 223. Let v be (-1 + 0)/((-4)/52). What is the highest common factor of y and v?
13
Suppose 2*u - d = u + 8, 4*u - d - 20 = 0. Calculate the greatest common divisor of 108 and u.
4
Let p be -65*(-2)/20*4. Calculate the greatest common divisor of 3146 and p.
26
Let t(x) = x**2 - 15*x - 76. Let p be t(-11). Calculate the highest common factor of p and 70.
70
Let i be ((-16)/10)/((-35)/10850). What is the greatest common factor of i and 31?
31
Let z(j) = 84*j + 2. Let h be z(-3). Let t be ((-9)/6 - -1)*h. Let c(b) = -20*b - 290. Let x be c(-17). Calculate the greatest common factor of t and x.
25
Let w = -24 + 234. Let m = 355 - w. Calculate the highest common factor of 58 and m.
29
Let a = 68 - -97. Suppose -2*w - 5*y + 8*y = -45, 0 = -4*w - 5*y + 35. Calculate the greatest common divisor of a and w.
15
Suppose 39*m - 8268 = -39*m. Calculate the greatest common factor of m and 1325.
53
Let q = -133 - -333. Calculate the greatest common factor of q and 16.
8
Let d be 9 + -6 + 8 + -4. Suppose -o - d = -9. Suppose 30 = -o*x + 5*x. Calculate the highest common factor of 20 and x.
10
Suppose 0 = -3*s + 4*u - u + 81, 2*u + 29 = s. Suppose -5*y + s = f, 3*y - 2 = f - y. Let b = 49 - -1. What is the highest common factor of b and f?
10
Suppose r + 0 = 14. Let b = r - 13. Let u be (-18)/(b - 20/8). What is the greatest common divisor of 108 and u?
12
Suppose 2*m + 33 = w, -2*m = -5*w + 2*m + 183. Calculate the highest common divisor of w and 117.
39
Let d be (-808)/(-14) + 12/42. Let b = -35 + d. Let z = b + 202. Calculate the greatest common factor of z and 25.
25
Let s be 6/(-3) + 1 - -3 - 0. Suppose o = -4*k + s*k, 0 = -2*k + 3*o + 8. Calculate the greatest common divisor of 9 and k.
1
Let p = 28 - 34. Let b be (p - -4)*37/(-2). What is the highest common divisor of 407 and b?
37
Let z(y) = y**3 - 17*y**2 - 4*y + 28. Let r be z(18). Suppose 7*d = 15*d - r. Calculate the greatest common divisor of 14 and d.
7
Let v = 717 + -508. Suppose -133 = -7*d - 0*d. Calculate the greatest common factor of v and d.
19
Let x be ((-2392)/(-72) - 6) + (-6)/27. Calculate the greatest common divisor of x and 108.
27
Suppose 5*i + 12 = 8*i. Suppose -291 = -4*p - v, -i*v + 5*v = 5*p - 357. What is the greatest common factor of 18 and p?
18
Suppose 80*a + 3*x - 257 = 79*a, 0 = -2*a + 5*x + 547. What is the highest common divisor of a and 182?
14
Let y = 236 + -48. Calculate the highest common factor of 47 and y.
47
Suppose 0*u + 486 = 2*u. Suppose -3*a = -3*c + 72, -5*a - 44 = -59. What is the highest common divisor of u and c?
27
Suppose -3*s - 29 + 29 = 0. Suppose s = 2*u + 2*a + 3*a - 2, 2*u + 4*a - 2 = 0. Calculate the highest common divisor of 1 and u.
1
Let v(t) = 7*t**2 - 15*t + 4. Let l be v(3). Calculate the highest common factor of 176 and l.
22
Let a be (22/(-55))/((-6)/435). Calculate the greatest common divisor of a and 493.
29
Suppose -46*t - 644 = -50*t. Suppose -j + 101 - 12 = 4*b, 3*j + 32 = b. Calculate the greatest common factor of t and b.
23
Suppose -3*g = g - 36. Suppose 29 = 4*a + g. Let y be (-5 - -1)*(-31)/(-62)*(0 - 1). What is the highest common divisor of y and a?
1
Suppose g + 4 = 13. Suppose -z = -2*u + 22, u + 4*z = 5*u - 52. What is the greatest common factor of u and g?
9
Let q = -108 - -124. Let n = -330 - -474. Calculate the greatest common divisor of q and n.
16
Let g(l) = -l + 8. Let f be g(6). Let h be 16/f - (4 - 4). Let r(k) = 21*k - 59. Let j be r(7). Calculate the highest common divisor of h and j.
8
Suppose -77*r + 73*r = -80. Calculate the greatest common divisor of r and 140.
20
Suppose 2*i - 210 = a, 5*a + 290 = 4*i - 130. Suppose 16 + 4 = 2*l. Suppose 0 = -l*y - 4*y + 294. What is the greatest common divisor of i and y?
21
Suppose -35 = -24*f + 17*f. What is the highest common factor of f and 4?
1
Suppose 3*q - 2*t = -q + 2, 4*t + 4 = -4*q. Let n be q/(1*(-4)/(-2)). Suppose 3*h + 0*h - 324 = n. What is the greatest common divisor of h and 12?
12
Suppose 4*r = 5*k + r - 94, -70 = -4*k + 5*r. Let t(n) = 62*n + 574. Let h be t(-7). Calculate the highest common factor of h and k.
20
Let x = -687 + 851. Calculate the highest common divisor of x and 123.
41
Let c(k) = 4*k**3 + 9*k**2 - k - 14. Let m be c(6). Calculate the greatest common factor of 48 and m.
16
Let t = 81 - -3. Suppose 92*a - t = 88*a. Calculate the greatest common divisor of 14 and a.
7
Suppose 5 = 4*n + 2*u - 129, 2*n - 47 = -5*u. Let m be 212/20 + (-200)/125. Calculate the highest common factor of m and n.
9
Let w = 42 + -38. Suppose w*s - 22 - 2 = 0. Calculate the greatest common factor of 12 and s.
6
Let a = 344 - 110. Suppose 0*j - 5*j = 2*h - a, 0 = -2*j - h + 94. Calculate the greatest common divisor of j and 506.
46
Let u(c) = -17*c + 372. Let s be u(19). What is the highest common divisor of 7 and s?
7
Suppose 17*d = -4*d + 399. Calculate the greatest common factor of 38 and d.
19
Suppose 0 = 5*t - 15, n = 2*n + 5*t + 69. Let z = -58 - n. Suppose -273 = -11*b + 4*b. What is the greatest common factor of z and b?
13
Let p be 13/7 - 1/(-7). Suppose 0 = -5*m + 15, -p*m + 8 = x - m. Suppose x = n + 2*u, -5*n - u - 4*u = -50. What is the greatest common factor of n and 60?
15
Suppose -4*o = 4*o - 2888. Suppose -136 + o = 3*h. What is the greatest common divisor of h and 15?
15
Suppose 0 = 2*d + 4*q - 27 + 9, d = 4*q - 3. Let b = 580 - 579. What is the highest common divisor of d and b?
1
Suppose -21 = 5*s + 69. Let v = 2 - s. Calculate the greatest common factor of 15 and v.
5
Let i be 2/7 - (-5228)/28. Let m = 985 + -968. What is the highest common factor of i and m?
17
Suppose -171 = -0*m - 3*m. What is the greatest common factor of 19 and m?
19
Let i be (1 - -4)/(8/2200). Suppose 5*k = 2*y + i, 1375 = 6*k - k - 4*y. Calculate the greatest common factor of k and 25.
25
Suppose -3561 + 1213 = -4*g. Suppose 5*x - 43 - g = 0. Let w be (-3)/((-3)/(-28))*45/(-90). What is the greatest common divisor of w and x?
14
Suppose 0 = -2*o - 2*h - 64, -4*o = -3*o - h + 32. Let i = o + 48. Calculate the greatest common divisor of 64 and i.
16
Let l(p) = -p**2 + 23*p - 85. Let v be l(16). Calculate the highest common divisor of v and 675.
27
Let y = -50 - -110. Suppose 5*d = -52 + 172. Calculate the greatest common divisor of d and y.
12
Suppose 2*l - 10 = -0*l. Suppose u + 0 - l = 0. Suppose 3 - u = -k. What is the highest common factor of k and 8?
